r of a and 2.
2
Suppose 2*a - 76 = -16. Calculate the greatest common divisor of a and 20.
10
Suppose 2*x - 36 = 4*r, 0 = -x + 6*x - 3*r - 69. Calculate the highest common factor of 4 and x.
4
Let g(j) = -j**3 - 10*j**2 + 10*j + 5. Let o be g(-11). Calculate the greatest common factor of 2 and o.
2
Let m be (-2)/4 + (-39)/(-2). Let p(g) = 12*g - 141. Let s be p(26). Calculate the highest common factor of m and s.
19
Let a = -117 + 122. What is the greatest common divisor of a and 75?
5
Suppose n + 2*n + 5*k = 116, 4*n + 3*k - 162 = 0. What is the highest common divisor of 6 and n?
6
Let h be (-4)/(-18) + (-538)/(-9). What is the greatest common factor of h and 15?
15
Let u = 21 + -11. Let z(j) = j**2 - 8*j + 10. Let p be z(u). Let k = -1 + 4. Calculate the greatest common divisor of p and k.
3
Suppose -2*t + x + 28 = 1, 2 = -2*x. Suppose -l = -3*l + 286. What is the greatest common divisor of t and l?
13
Let i(l) be the first derivative of -l**4/4 + 2*l**3 + 4*l**2 + 9*l + 2. Let q be i(7). Calculate the greatest common divisor of 16 and q.
16
Suppose -v + 54 = b - 6*b, 5*v = b + 318. Let r be 1*(8/1 + 0). Calculate the greatest common divisor of v and r.
8
Suppose 4 = c - 1. Suppose -50 + 0 = -c*j. Let s(a) = 4*a**2 - 5*a + 6. Let m be s(4). What is the highest common factor of m and j?
10
Suppose -4*n + 252 = -2*n. Calculate the greatest common factor of n and 14.
14
Suppose 7 + 5 = -3*t. Let a be t/(-10) - (-976)/10. Let q be 308/(-55)*10/(-4). Calculate the greatest common factor of q and a.
14
Let y be 2 + -2 - (-1 - 15). Let g be (-9)/21 + (-4528)/(-112). What is the highest common factor of y and g?
8
Let u be (-11 - -8) + (189 - -1). Calculate the greatest common factor of u and 17.
17
Let a be (-15 - -10)/(2/(-2)). Let q be 3 - -1 - (2 - a). Calculate the greatest common divisor of q and 77.
7
Let x be (-3)/9 + (-11)/3. Let d = -1 - x. Calculate the greatest common divisor of 33 and d.
3
Let y = 1 + 4. Let t(h) = h**3 - 4*h**2 - 6*h + 5. Let f be t(y). Let g be 2/(1/(f + 5)). Calculate the highest common divisor of 30 and g.
10
Let b be (4/(-10))/(2/(-130)). What is the greatest common divisor of 26 and b?
26
Suppose -3*b = -2*v + 7, -2*v - 1 = -v - 3*b. Suppose 5*c - v*m + 3*m - 85 = 0, -4 = m. Suppose 3 = h - 10. Calculate the highest common factor of c and h.
13
Suppose -4*x - 17 = 5*z, -4*z - 12 = 4*x - 0*x. Let p be (-162)/(-12) + x/4. What is the greatest common divisor of p and 56?
14
Let n(x) = 7*x**3 + 2*x**2 - x. Let b be n(-2). Let q = 236 + -70. Let s = q + b. What is the greatest common divisor of s and 15?
15
Suppose 5*v + w = 112, 2*v + w - 25 = 21. Suppose 0 = -4*b + 58 - v. Let h be (-12)/(-54) + 25/b. What is the greatest common factor of 24 and h?
3
Let t(s) = 12*s**2 - 3*s - 8. Let o be t(-4). What is the highest common factor of o and 28?
28
Suppose v + 13 = 5*q, -3*q - v = 4*v + 9. Let g = 544 + -389. Suppose -b + g = q. What is the highest common factor of 17 and b?
17
Let m(w) = w**3 - 4*w**2 - 5*w - 6. Let r be m(5). Let z = -1 - r. Suppose -6 = 4*f - o - 51, -3*f - z*o + 5 = 0. What is the highest common factor of f and 5?
5
Let d be 4/10 + 138/30. Calculate the highest common factor of 15 and d.
5
Suppose -43 = -2*w + 111. What is the greatest common divisor of 7 and w?
7
Suppose 0 = 119*k - 117*k - 160. Suppose -36 = -2*d + 4. What is the greatest common factor of k and d?
20
Suppose 4*r - 11 = 1. Suppose -132 = -4*a - 0*a. What is the highest common factor of r and a?
3
Suppose -6 = m - 15. What is the highest common factor of 72 and m?
9
Let c = 178 - -207. Calculate the greatest common divisor of c and 35.
35
Suppose 141 + 48 = 3*m. Let c = 14 + -7. What is the highest common divisor of c and m?
7
Let i(w) = w**2 + 2*w - 3. Let v be i(5). Calculate the greatest common factor of 4 and v.
4
Suppose 3*z - 21 = -o, z + 117 - 34 = 3*o. Suppose -y + o = 2*y. Let d be (-2)/7 - (-1264)/14. What is the highest common factor of d and y?
9
Let b(g) = 11*g + 2. Let y(f) = 5*f + 1. Let t(x) = 4*b(x) - 9*y(x). Let k be t(-6). What is the highest common divisor of 55 and k?
5
Let h be 3/(-12) - 26/(-8). Suppose -h*o = -2*k + 59 + 120, -272 = -3*k + o. Calculate the highest common divisor of 13 and k.
13
Suppose 3*l - 417 = 3*m, m = -4*l + 289 + 272. What is the highest common factor of 20 and l?
20
Let s be 7/3 - 2/(-3). Suppose -l + 0*p - 17 = -2*p, -p = -3*l - 41. Let b = 14 - l. Calculate the greatest common factor of s and b.
3
Let h be 264/3 - (9 - 6). What is the greatest common factor of 17 and h?
17
Suppose 0 = -3*w - 0 + 9. Suppose -5*m + m + s + 7 = 0, -6 = 3*m - w*s. Suppose -v = 1 - m. Calculate the highest common divisor of v and 3.
1
Let k(s) = -s**2 - 15*s + 10. Let g be k(-14). Calculate the greatest common divisor of 8 and g.
8
Suppose 0 = 4*n + 63 - 287. Calculate the highest common factor of 14 and n.
14
Let x(p) be the third derivative of p**5/10 - p**4/12 + 5*p**3/6 + p**2. Let i be x(4). Let g be i/9 - (-4)/6. Calculate the greatest common divisor of 1 and g.
1
Let f(q) = 10*q**2 - 2*q + 1. Suppose -2*c - 1 = 3. Let g be f(c). Calculate the highest common factor of 5 and g.
5
Let x be -5*2*(-4)/8. Let k = -12 + 47. What is the greatest common factor of k and x?
5
Suppose t = 14 + 22. What is the greatest common divisor of t and 90?
18
Let l = -4 + 9. Let j = -67 + 107. What is the greatest common divisor of j and l?
5
Let t be (2/(-4))/(4/(-264)). Suppose 5*o - 2*d = -5, 0 = 3*o - 6*d + 2*d + 17. Let u be 1*(0 - -4 - o). Calculate the greatest common factor of t and u.
3
Suppose -4 = -4*w + 4. Suppose 4*c - 4*d = c - 5, -w*c - d + 4 = 0. Suppose -4*h + 4*k = -8, -4*h - 4*k = -k - 36. What is the highest common factor of h and c?
1
Suppose -4*a - 5*i = 15, -2*a + 0*i - 6 = 2*i. Suppose -l = -a*l - 16. Let v(w) = 7*w**2 - w + 6. Let n be v(5). What is the highest common divisor of l and n?
16
Suppose -86*r + 84*r + 2 = 0. Calculate the greatest common factor of 1 and r.
1
Let n = 51 - -11. What is the greatest common divisor of 62 and n?
62
Let b(p) = 56*p - 8. Let l be b(1). What is the greatest common divisor of l and 32?
16
Let f(l) = 3*l**2 + l - 7. Let i be f(-7). Let m = 237 - i. Calculate the highest common divisor of 13 and m.
13
Let v be ((-8)/(-10))/((-55)/(-25) - 2). Calculate the highest common divisor of v and 16.
4
Let l = -115 - -128. Calculate the highest common factor of 52 and l.
13
Let c(x) = 7*x**2 - 3*x + 3. Suppose -2*s + 6*s = 8. Let t be c(s). Calculate the greatest common factor of 10 and t.
5
Suppose 3*f - 67 = -2*f - 3*m, 5*f - 39 = 4*m. Let s(b) = 6*b - 38. Let l be s(10). What is the highest common divisor of l and f?
11
Let y = 77 + -63. Calculate the highest common divisor of 112 and y.
14
Let j(t) = 2*t**2 + 26*t + 12. Let x be j(-13). Calculate the highest common divisor of x and 48.
12
Suppose 0 = 4*o + 2*q - 1438, 4*o - q = -2*q + 1433. Calculate the greatest common divisor of 21 and o.
21
Let o be (-1 - (0 - 1))/(-2). Suppose -b = -5*g + 5, o*g + 2 = 2*g - b. Calculate the highest common factor of 11 and g.
1
Suppose 4*u - 2*x = -0*x + 186, -5*x + 151 = 4*u. Calculate the greatest common factor of 110 and u.
22
Let j be -3 + -6*(3 - 5). What is the greatest common divisor of 27 and j?
9
Suppose 5*a - s = 15, -2*s - 1 = -2*a + 5. Calculate the greatest common divisor of 18 and a.
3
Let n(v) = 8*v**2 + 3*v + 4. Let m be n(-2). Calculate the highest common divisor of m and 150.
30
Suppose 3*t = -f + 77, -f + 86 = 4*t - 3*f. Calculate the greatest common divisor of 16 and t.
8
Let w(h) = -4*h**3 - 2*h - 21*h**2 + 21*h**2 - 1. Let y be w(-1). What is the greatest common divisor of y and 50?
5
Let p(a) = a. Let u be p(-4). Let w be (u/(-10))/(2/70). What is the greatest common factor of w and 35?
7
Suppose -70 = -2*u + u. Let z = -11 + 39. What is the greatest common factor of u and z?
14
Let c(q) = q**2 - 6*q + 10. Let b be c(4). Let o be 6 + (0 - 2) + b. What is the greatest common factor of 48 and o?
6
Let x(f) = -3*f + 6. Let k = 3 + -6. Let q be x(k). Calculate the greatest common factor of q and 45.
15
Let d = -6 - -10. Suppose d*s = 136 + 64. Calculate the greatest common divisor of 10 and s.
10
Let v = 107 + -61. What is the highest common divisor of 115 an